{"id":1180,"date":"2022-03-07T15:06:22","date_gmt":"2022-03-07T18:06:22","guid":{"rendered":"https:\/\/easytake.com.br\/petshop\/?post_type=product&#038;p=1180"},"modified":"2022-03-07T15:07:19","modified_gmt":"2022-03-07T18:07:19","slug":"desinfetante-vet20-bactericida-herbal","status":"publish","type":"product","link":"https:\/\/marcelodonato.com.br\/petshop\/produto\/desinfetante-vet20-bactericida-herbal\/","title":{"rendered":"Desinfetante Vet+20 Bactericida Herbal"},"content":{"rendered":"<p>O\u00a0<strong>Tapete Higi\u00eanico Pet Wash S\u00e3o Benedito Pet Lav\u00e1vel Azul<\/strong>\u00a0possui durabilidade de at\u00e9 90 dias, podendo ser lavado diariamente no tanque, mangueira ou m\u00e1quina. Na parte superior \u00e9 composta por manta de absor\u00e7\u00e3o de polipropileno, e na inferior pl\u00e1stico polietileno que retem toda a urina e n\u00e3o deixa vazar.<\/p>\n","protected":false},"excerpt":{"rendered":"<div class=\"product-resume\">&#8211; Conta com a\u00e7\u00e3o fungicida, bactericida e viricida;<br \/>\n&#8211; \u00c9 indicado para desinfec\u00e7\u00e3o de ambientes e materiais;<br \/>\n&#8211; N\u00e3o \u00e9 corrosivo para as superf\u00edcies onde houver a aplica\u00e7\u00e3o do produto;<br \/>\n&#8211; Mant\u00e9m o ambiente do seu pet n\u00e3o s\u00f3 limpo, mas livre de germes e bact\u00e9rias;<br \/>\n&#8211; M\u00e1xima a\u00e7\u00e3o, matando Bact\u00e9rias como: Pseudomona Aeruginosa, Salmonela Choleraesuis e Staphylococcus Aureus;<br \/>\n&#8211; Pode ser utilizado em: hospitais, clinicas m\u00e9dicas e veterin\u00e1rias, cozinhas industriais, canis e gatis, vasos sanit\u00e1rios, pisos, uniformes e etc.<\/div>\n<div class=\"code-label\"><\/div>\n","protected":false},"featured_media":1179,"comment_status":"open","ping_status":"closed","template":"","meta":{"_joinchat":[]},"product_cat":[26],"product_tag":[],"class_list":{"0":"post-1180","1":"product","2":"type-product","3":"status-publish","4":"has-post-thumbnail","6":"product_cat-pet","8":"first","9":"instock","10":"shipping-taxable","11":"purchasable","12":"product-type-simple"},"_links":{"self":[{"href":"https:\/\/marcelodonato.com.br\/petshop\/wp-json\/wp\/v2\/product\/1180","targetHints":{"allow":["GET"]}}],"collection":[{"href":"https:\/\/marcelodonato.com.br\/petshop\/wp-json\/wp\/v2\/product"}],"about":[{"href":"https:\/\/marcelodonato.com.br\/petshop\/wp-json\/wp\/v2\/types\/product"}],"replies":[{"embeddable":true,"href":"https:\/\/marcelodonato.com.br\/petshop\/wp-json\/wp\/v2\/comments?post=1180"}],"wp:featuredmedia":[{"embeddable":true,"href":"https:\/\/marcelodonato.com.br\/petshop\/wp-json\/wp\/v2\/media\/1179"}],"wp:attachment":[{"href":"https:\/\/marcelodonato.com.br\/petshop\/wp-json\/wp\/v2\/media?parent=1180"}],"wp:term":[{"taxonomy":"product_cat","embeddable":true,"href":"https:\/\/marcelodonato.com.br\/petshop\/wp-json\/wp\/v2\/product_cat?post=1180"},{"taxonomy":"product_tag","embeddable":true,"href":"https:\/\/marcelodonato.com.br\/petshop\/wp-json\/wp\/v2\/product_tag?post=1180"}],"curies":[{"name":"wp","href":"https:\/\/api.w.org\/{rel}","templated":true}]}}